 27) + (-3)/((-3)/d). What is the highest common divisor of 2 and v?
1
Suppose f = -5*j + 392, 48*f - 5*j = 43*f + 1960. What is the greatest common divisor of 931 and f?
49
Let w = 232 - 187. Calculate the greatest common divisor of 2385 and w.
45
Suppose 3*a + 116 = -160. Let f = a + 162. Let u(i) = i**3 + 37*i**2 + 63*i - 231. Let l be u(-35). Calculate the greatest common factor of f and l.
14
Suppose -30*k + 49*k + 437 = 0. Let j = k - -79. Calculate the greatest common divisor of 42 and j.
14
Let a = 3501 + -1621. Calculate the greatest common factor of 200 and a.
40
Let q = -10874 - -13975. Calculate the greatest common factor of 35 and q.
7
Let j = -198 + 134. Let g = j - -36. Let a = 41 + g. Calculate the greatest common factor of 52 and a.
13
Let s = 2620 - 2220. Calculate the highest common factor of 750 and s.
50
Suppose -227*x = -220*x - 25025. Calculate the greatest common divisor of 429 and x.
143
Suppose 5*m = -d + 5824, 3*m = d + 4380 - 876. What is the greatest common factor of 424 and m?
106
Let b(i) be the second derivative of i**4/12 + 11*i**3/2 - 93*i**2/2 + 26*i. Let y be b(-36). Calculate the greatest common factor of y and 645.
15
Suppose a + 5*u + 21 = -a, 3*a - 5*u - 31 = 0. Let p be (7/3)/(a/48). Suppose 82*t - 57 = 58*t + 135. Calculate the greatest common factor of t and p.
8
Let n(o) = 4*o**2 + 39*o + 262. Let t be n(-12). Calculate the greatest common factor of t and 1702.
74
Suppose -404 = -4*r - 8. Suppose 5*c + 386 = 8*k - 5*k, 0 = k - c - 130. Calculate the highest common divisor of r and k.
33
Suppose -3*g = 4*u - 4817 + 939, -4*u + g = -3870. What is the greatest common divisor of 2 and u?
2
Let n(l) = 168*l - 6. Let r be n(2). Let y = r + -689. Let h = -206 - y. Calculate the highest common factor of h and 17.
17
Let d(u) = -u**2 - 7*u - 5. Let j(g) = g**3 - 5*g**2 + 8*g - 9. Let p be j(5). Let l = 28 - p. Let m be d(l). What is the highest common divisor of m and 21?
7
Let u = -43 - -44. Let g(b) = -b - 1. Let x(n) = 7*n**2 + 7*n + 1. Let q(i) = 4*g(i) + x(i). Let p be q(u). What is the greatest common factor of p and 77?
7
Suppose -852 + 2926 = -16*w + 50*w. Calculate the greatest common factor of 7 and w.
1
Let g be -5*6/21*658/94. Let d(i) = -i**3 - 2*i - 10*i + 10 - 8*i**2 - 3*i**2. Let f be d(g). What is the greatest common divisor of 90 and f?
30
Let i be 17*(-37 + -5)/(-7). Let y be (8 - 5) + 1 + -1 + i. Calculate the greatest common divisor of 15 and y.
15
Let a be 75/6 - (-2)/4. Suppose 2*q - 23 = -3*g - 11, 0 = -5*q + g + a. Let c be q/(6/8) + 17. What is the greatest common divisor of c and 7?
7
Let p = 3257 - 3248. Calculate the highest common divisor of 18 and p.
9
Let w(a) = -a**2 + a + 18. Let f be w(0). Suppose 12*n - 8 - 16 = 0. Calculate the highest common factor of f and n.
2
Suppose -59*n + 17*n + 85644 = -6*n. What is the greatest common factor of 117 and n?
39
Let i(t) = -113*t**3 - 2*t**2 + t + 2. Let r be i(-2). Suppose a + 62 = x + 3*a, -5*a = 5*x - 295. What is the greatest common divisor of r and x?
56
Let s(h) be the first derivative of 4*h**3/3 + 3*h**2 - 7*h + 17. Let k be s(-6). Let b = k + -53. What is the greatest common factor of 120 and b?
24
Let o be 10/85 + 106697/391. Let i be ((-2)/(-6))/((-1)/(-63)). Calculate the highest common factor of o and i.
21
Suppose 3*k + 5*m - 2160 = 0, k - 2551*m + 2555*m = 727. What is the highest common factor of 130 and k?
65
Let s(o) = 14*o + 62. Let a be s(-4). Suppose a*t - 311 = -h + t, -h + 304 = -2*t. What is the highest common factor of 34 and h?
34
Suppose 26*m + 19*m = 585. Suppose -m + 58 = 3*r. Let l(a) = 195*a. Let d be l(1). What is the greatest common divisor of r and d?
15
Suppose 0 = -4*l - 4*z + 68, -2*l = l - 4*z - 16. Let h = 1177 - 985. What is the highest common divisor of l and h?
12
Suppose 2*v + 52 = q, q - 3*v - 15 = 42. Suppose 0 = 3*d - 4*d + q. What is the greatest common factor of d and 147?
21
Let n(g) = 2*g**3 - 17*g**2 + 26*g - 7. Let q be n(7). Calculate the greatest common factor of q and 9072.
28
Let a = 213 - 63. Suppose 1927 = -7*s + 1899. Let d be (s*a/(-24))/(0 - -1). Calculate the greatest common divisor of 75 and d.
25
Suppose 9*o - 1885 = 7106. Calculate the highest common factor of o and 54.
27
Let a(m) = m**3 + 13*m**2 - 15*m - 15. Let c be a(-14). Let z be c - (1 + 1) - -3. Let w be z/((-9)/(-3)) - -7. Calculate the highest common factor of 7 and w.
7
Let u(o) = o**3 + 4*o**2 - 5*o + 7. Let a be u(-5). Let l be (10/(-15))/(6/(-99))*1. Suppose 14*r - 87 - l = 0. Calculate the highest common factor of r and a.
7
Suppose -2*m - t = -5*t - 272, -4*m - 5*t + 609 = 0. Suppose -3*p + 40 = -m. Suppose 19*x - 23*x + 372 = 0. What is the highest common divisor of x and p?
31
Suppose -3*m + 236 - 41 = 0. Let y be 3/(-4) + 48/64. Let c be ((14 - 1) + y)/((-24)/(-48)). What is the greatest common factor of c and m?
13
Let o = 299 - 295. Suppose 5*n + 21*y = 26*y + 5, n - 6 = -o*y. What is the greatest common divisor of 30 and n?
2
Let h be -12*(-14 + 110/15). Calculate the greatest common divisor of h and 2120.
40
Let f be 10 - 20 - -10 - (-1 + -80). Calculate the highest common divisor of f and 2700.
27
Suppose -3*a + 4 = -7*a. Let b be -6 + -21*a/3. What is the greatest common divisor of b and 3?
1
Suppose -77*b = -49*b - 42*b + 2142. What is the greatest common factor of b and 2397?
51
Suppose -4*f - 14 = h, -f + 2 = -5*h + 16. Let j be (h - (-45)/(-24))/(8/64). Calculate the greatest common divisor of 1 and j.
1
Let p be (15 - -31)*2*3*11. What is the greatest common divisor of 528 and p?
132
Let q = 115 - 45. Let f be (17 - -2)/(-1 + 0). Let p = -9 - f. Calculate the highest common divisor of q and p.
10
Let u be -4*(2 + -5 + 0). Let o = -133 - -138. Let l be o - (2 + -17 + -4). What is the greatest common factor of l and u?
12
Let y be -14*(-1)/(-2)*(-47 + -5). Suppose -4*n = 3*n - y. Calculate the greatest common factor of n and 208.
52
Let f be 0 + -1 + (-45)/(-1). Let z(l) = 3*l**2 + 10*l - 26. Let p be z(-11). Let y = -216 + p. Calculate the greatest common factor of y and f.
11
Suppose -1827 = -146*q + 117*q. Suppose -17*h = 15 - 253. Calculate the greatest common factor of h and q.
7
Let z(p) = p**2 + 7*p + 30. Suppose 7*i + 30 = 2*i - l, 0 = 2*i + 4*l + 30. Let u be z(i). What is the greatest common factor of u and 90?
10
Let d = -240 - -245. Suppose m - 468 = -d*m. What is the greatest common factor of m and 52?
26
Let b(v) = -v**3 + 27*v + 69. Let t be b(-4). Calculate the greatest common factor of t and 195.
5
Let k(u) = 2*u**3 - u + 1. Let n be k(1). Suppose -n*s - 96 = -4*s. What is the greatest common divisor of 144 and s?
48
Let r(b) = 3*b + 9 + 1 - 26*b**3 + 30 - 9*b**2 + 29*b**3. Let c be r(7). Calculate the highest common factor of 59 and c.
59
Let y(l) = 65*l**2 + 683*l - 31. Let v be y(-22). Calculate the highest common factor of 47 and v.
47
Suppose 0 = -20*p + 10855 + 7065. Suppose 3*u + 13*u - p = 0. Calculate the highest common factor of 42 and u.
14
Let s be 11440/36 + 18/81. Calculate the greatest common factor of 4 and s.
2
Suppose -86*x = -82*x + t - 17422, 3*x = -t + 13068. What is the greatest common divisor of 14 and x?
14
Let i(j) = j**3 + 18*j**2 + 50*j + 417. Let g be i(-8). Calculate the highest common factor of 27 and g.
9
Let v be (-1)/2 - (-101)/2. Let i(j) = j**3 + 11*j**2 - 3*j - 35. Let b be i(-11). Let f = 22 + b. Calculate the highest common factor of f and v.
10
Let k = 354 + -350. Suppose -3*b + 26 = -5*d - 77, d + 126 = k*b. What is the highest common divisor of 124 and b?
31
Let h = -986 + 1286. Let n = 4 - -16. What is the highest common factor of h and n?
20
Suppose -b - 24171 = 9*b - 119761. What is the highest common divisor of 79 and b?
79
Suppose 565*t - 560*t = -25, -5*w - 5*t + 11870 = 0. Calculate the greatest common factor of w and 39.
39
Suppose 3*c + 7*s = 2*s + 89, -4*c + 136 = -2*s. Suppose 0 = -c*w + 721 + 137. What is the highest common divisor of 494 and w?
26
Suppose -b - 28 = -t, 2*b = 86*t - 88*t + 56. Calculate the highest common factor of 749 and t.
7
Let h(z) = -6*z**2 + 11*z**3 - z - 9*z**3 - 8 - 3*z**3. Let x be h(-7). Calculate the highest common factor of 120 and x.
24
Suppose 0 = -6*d - 3676 + 88. Let k be 2/(-11) + d/(